t is the thousands digit of 35119?
5
What is the tens digit of 5323?
2
What is the hundreds digit of 201?
2
What is the tens digit of 14289?
8
What is the thousands digit of 15351?
5
What is the ten thousands digit of 128026?
2
What is the units digit of 1044?
4
What is the thousands digit of 8251?
8
What is the ten thousands digit of 20654?
2
What is the units digit of 212?
2
What is the thousands digit of 11883?
1
What is the units digit of 611?
1
What is the units digit of 1564?
4
What is the tens digit of 11656?
5
What is the hundred thousands digit of 156837?
1
What is the hundreds digit of 6729?
7
What is the ten thousands digit of 24965?
2
What is the hundreds digit of 368?
3
What is the hundreds digit of 1298?
2
What is the units digit of 771?
1
What is the tens digit of 925?
2
What is the hundreds digit of 5457?
4
What is the units digit of 959?
9
What is the units digit of 14170?
0
What is the thousands digit of 3608?
3
What is the hundreds digit of 44367?
3
What is the hundreds digit of 4890?
8
What is the ten thousands digit of 23450?
2
What is the tens digit of 844?
4
What is the units digit of 1077?
7
What is the hundreds digit of 14434?
4
What is the tens digit of 157?
5
What is the hundreds digit of 57935?
9
What is the units digit of 37?
7
What is the tens digit of 1247?
4
What is the units digit of 2704?
4
What is the thousands digit of 2818?
2
What is the tens digit of 122207?
0
What is the thousands digit of 15369?
5
What is the ten thousands digit of 87059?
8
What is the units digit of 9919?
9
What is the hundreds digit of 50447?
4
What is the tens digit of 8767?
6
What is the thousands digit of 2340?
2
What is the thousands digit of 1427?
1
What is the ten thousands digit of 13136?
1
What is the tens digit of 1462?
6
What is the units digit of 297?
7
What is the units digit of 13462?
2
What is the thousands digit of 4176?
4
What is the units digit of 933?
3
What is the units digit of 2538?
8
What is the units digit of 16071?
1
What is the tens digit of 24179?
7
What is the hundreds digit of 1235?
2
What is the hundreds digit of 1245?
2
What is the thousands digit of 1719?
1
What is the hundreds digit of 2921?
9
What is the hundreds digit of 3004?
0
What is the tens digit of 63510?
1
What is the ten thousands digit of 78395?
7
What is the tens digit of 168?
6
What is the hundreds digit of 778?
7
What is the ten thousands digit of 10977?
1
What is the tens digit of 3296?
9
What is the units digit of 8332?
2
What is the thousands digit of 3717?
3
What is the thousands digit of 3068?
3
What is the tens digit of 473?
7
What is the units digit of 6338?
8
What is the ten thousands digit of 147483?
4
What is the hundreds digit of 4568?
5
What is the units digit of 31645?
5
What is the hundreds digit of 10438?
4
What is the units digit of 4412?
2
What is the thousands digit of 1291?
1
What is the units digit of 821?
1
What is the units digit of 4065?
5
What is the tens digit of 1542?
4
What is the thousands digit of 7605?
7
What is the hundreds digit of 4193?
1
What is the tens digit of 115375?
7
What is the hundreds digit of 3852?
8
What is the thousands digit of 12998?
2
What is the tens digit of 483?
8
What is the tens digit of 3479?
7
What is the ten thousands digit of 147213?
4
What is the units digit of 3030?
0
What is the tens digit of 6046?
4
What is the thousands digit of 104422?
4
What is the thousands digit of 3308?
3
What is the tens digit of 53653?
5
What is the units digit of 396?
6
What is the ten thousands digit of 19621?
1
What is the thousands digit of 36008?
6
What is the units digit of 6034?
4
What is the thousands digit of 5549?
5
What is the thousands digit of 6708?
6
What is the hundreds digit of 2017?
0
What is the ten thousands digit of 100610?
0
What is the thousands digit of 76546?
6
What is the thousands digit of 2523?
2
What is the hundreds digit of 1590?
5
What is the units digit of 4?
4
What is the units digit of 1550?
0
What is the hundreds digit of 268?
2
What is the thousands digit of 27872?
7
What is the thousands digit of 12377?
2
What is the units digit of 68804?
4
What is the units digit of 816?
6
What is the hundred thousands digit of 106275?
1
What is the units digit of 520?
0
What is the thousands digit of 1798?
1
What is the units digit of 3705?
5
What is the units digit of 1549?
9
What is the units digit of 411?
1
What is the thousands digit of 2143?
2
What is the tens digit of 94?
9
What is the tens digit of 3004?
0
What is the ten thousands digit of 59133?
5
What is the thousands digit of 11043?
1
What is the hundreds digit of 8133?
1
What is the thousands digit of 1912?
1
What is the units digit of 4351?
1
What is the tens digit of 9820?
2
What is the units digit of 60?
0
What is the units digit of 2801?
1
What is the units digit of 369?
9
What is the hundreds digit of 14180?
1
What is the thousands digit of 36163?
6
What is the thousands digit of 52401?
2
What is the hundreds digit of 92058?
0
What is the thousands digit of 1392?
1
What is the units digit of 1770?
0
What is the hundreds digit of 5660?
6
What is the tens digit of 2152?
5
What is the thousands digit of 1882?
1
What is the units digit of 16758?
8
What is the tens digit of 7636?
3
What is the units digit of 114709?
9
What is the units digit of 605?
5
What is the hundreds digit of 293?
2
What is the thousands digit of 17707?
7
What is the hundreds digit of 17747?
7
What is the units digit of 83691?
1
What is the thousands digit of 8392?
8
What is the tens digit of 8410?
1
What is the thousands digit of 1334?
1
What is the hundreds digit of 103694?
6
What is the hundreds digit of 4541?
5
What is the tens digit of 393?
9
What is the hundreds digit of 2636?
6
What is the tens digit of 3861?
6
What is the ten thousands digit of 137230?
3
What is the ten thousands digit of 31949?
3
What is the hundreds digit of 205?
2
What is the hundreds digit of 30513?
5
What is the tens digit of 997?
9
What is the units digit of 807?
7
What is the ten thousands digit of 22404?
2
What is the tens digit of 139127?
2
What is the units digit of 8471?
1
What is the ten thousands digit of 29687?
2
What is the hundreds digit of 29230?
2
What is the units digit of 110561?
1
What is the tens digit of 2374?
7
What is the hundreds digit of 148?
1
What is the units digit of 7629?
9
What is the hundreds digit of 417?
4
What is the units digit of 58573?
3
What is the tens digit of 740?
4
What is the units digit of 17025?
5
What is the tens digit of 2016?
1
What is the thousands digit of 1004?
1
What is the tens digit of 90917?
1
What is the hundreds digit of 16975?
9
What is the units digit of 13540?
0
What is the tens digit of 5930?
3
What is the units digit of 24777?
7
What is the units digit of 1202?
2
What is the ten thousands digit of 71736?
7
What is the hundreds digit of 10115?
1
What is the tens digit of 8225?
2
What is the thousands digit of 24505?
4
What is the units digit of 14581?
1
What is the hundreds digit of 34413?
4
What is the units digit of 16654?
4
What is the units digit of 7397?
7
What is the ten thousands digit of 10983?
1
What is the hundreds digit of 1551?
5
What is the hundreds digit of 41506?
5
What is the thousands digit of 57401?
7
What is the tens digit of 13421?
2
What is the thousands digit of 23347?
3
What is the hundreds digit of 3126?
1
What is the hundreds digit of 57397?
3
What is the units digit of 2292?
2
What is the thousands digit of 24027?
4
What is the hundreds digit of 1275?
2
What is the thousands digit of 1305?
1
What is the tens digit of 6355?
5
What is the units digit of 8843?
3
What is the units digit of 96980?
0
What is the thousands digit of 42754?
2
What is the tens digit of 2821?
2
What is the hundreds digit of 193?
1
What is the hundreds digit of 11275?
2
What is the units digit of 5207?
7
What is the units digit of 210?
0
What is the hundreds digit of 526?
5
What is the thousands digit of 3512?
3
What is the thousands digit of 1495?
1
What is the hundreds digit of 26987?
9
What is the hundreds digit of 4598?
5
What is the tens digit of 6593?
9
What is the ten thousands digit of 58110?
5
What is the tens digit of 653?
5
What is the tens digit of 3238?
3
What is the tens digit of 2780?
8
What is th